alculate the highest common factor of y and 585.
65
Suppose -401*u + 5*m = -398*u - 1319, 901 = 2*u + m. What is the greatest common divisor of 336 and u?
112
Let a be (2/6 - 1)/(56/(-8652)). Suppose a = -20*p + 423. What is the greatest common divisor of 304 and p?
16
Suppose -z = 0, -5*m + 215 = 2*z + z. Let f = -5 + 12. Let k(q) = 4*q**2 + 8*q + 6. Let x be k(f). Calculate the highest common divisor of x and m.
43
Let q(j) = 7*j**2 + 145*j + 18. Let v be q(-22). What is the greatest common divisor of v and 1134?
54
Let r = -5 - 14. Let s be 2 - 2 - -2*r/(-2). Let l(c) = -22*c - 100. Let w be l(-8). Calculate the highest common factor of w and s.
19
Suppose -4513 = -29*r + 388. Let x = -62 - -127. What is the greatest common divisor of r and x?
13
Suppose 5*n - 156 = -n. Suppose -2591 = 4*z - 2615. Calculate the highest common divisor of n and z.
2
Let d(i) be the third derivative of -7/2*i**3 + 7*i**2 + 0 - 3/8*i**4 + 0*i. Let k be d(-6). What is the greatest common divisor of 132 and k?
33
Let v be (-5)/35 + 2/(-14)*-43. Suppose -v*n - 64 = 68. Let p = 41 - n. What is the greatest common factor of 42 and p?
21
Suppose 379 + 281 = 5*t. Let b = 93 + -79. Suppose -b*j + 132 = -3*j. Calculate the highest common factor of j and t.
12
Let j = 31177 + -30845. Calculate the highest common divisor of j and 49468.
332
Suppose 0 = -5*o + 5*y - 1545, 5*y - 1237 = 44*o - 40*o. Let g be (-87 + 0)*o/33. What is the highest common factor of g and 29?
29
Let m(t) be the second derivative of -t**5/20 - 13*t**4/12 - 20*t**3/3 + 5*t**2/2 + 73*t. Let v be m(-10). What is the greatest common divisor of v and 15?
15
Suppose -5*d + c = -264, 3*c - 76 - 172 = -5*d. Suppose -48*g - 5*q - 68 = -d*g, -60 = -4*g + 3*q. What is the highest common factor of g and 40?
4
Let i(f) = -32*f - 409. Let q be i(-13). Calculate the highest common divisor of q and 13027.
7
Suppose -43*r = -40*r + 430 - 1480. Calculate the highest common factor of r and 945.
35
Suppose 0*k + 6*k + 72 = 0. Let s be k/8 + 2 + (-6)/(-4). Suppose -s*i - 2*i = -2*g - 38, 2*g = -5*i + 61. Calculate the highest common factor of 88 and i.
11
Let q = 603086 + -603075. Let b be 1/(((-6)/14)/3). Let t = 29 + b. Calculate the greatest common divisor of q and t.
11
Suppose 3*j - 4*w - 60 = 0, 2*w = 3*j + 3*w - 45. Suppose 10*o - j*o = -156. Calculate the greatest common divisor of 2 and o.
2
Suppose 11635 = -20*s + 62575. Calculate the highest common factor of s and 27.
9
Suppose -27*b = -51*b + 20400. Suppose 0*d + 5*d = -5*q + 2135, 2*q + d = b. Calculate the greatest common divisor of 9 and q.
9
Let z = -131 - -128. Let o(c) = c**2 + 7*c + 15. Let v be o(z). What is the highest common divisor of v and 81?
3
Let z(t) = t**2 - 4*t. Let h be z(5). Suppose 98 = 5*p + 3*o, -4*p + 2*o = 6*o - 80. Suppose -41 = -3*r + p. What is the highest common divisor of r and h?
5
Let f = 19743 + -17999. Calculate the greatest common divisor of f and 654.
218
Let z = -51 + 71. Suppose 0 = -10*i + 8*i + 14. Let w = i - -1. What is the greatest common divisor of z and w?
4
Let j(q) = q**2 + 3*q + 5. Let w be j(-5). Let v = 40 - -15. Suppose -w = -g - 3*c, 3*c = 5*g - 2*c - v. What is the highest common factor of g and 8?
4
Let i = -17757 + 17763. Calculate the highest common factor of 22998 and i.
6
Let f(i) = 4*i - 102. Let o(a) = 6*a + 28. Let c be o(0). Let y be f(c). Calculate the highest common divisor of y and 70.
10
Let g(c) = 13*c**2 + 106*c - 4677. Let r be g(34). What is the highest common factor of r and 5?
5
Suppose -9 = -2*i - 17. Let w be (i/(-6))/((-10)/(-45)). Suppose w*y - 11*y + 72 = 0. What is the greatest common factor of 63 and y?
9
Let w(z) = -1593*z + 17599. Let j be w(11). Suppose 0 = -2*y - 5*h + 1667, -3*y = -6*y + 4*h + 2512. Calculate the highest common divisor of j and y.
76
Let l = 99 - 95. Suppose -10 = -5*o, -l*o - 9 = -4*z - 5. What is the greatest common factor of 4 and z?
1
Suppose -4*x + 107 + 57 = 0. Suppose 0 = -5*r + 1842 + 3. What is the greatest common factor of x and r?
41
Let b(h) = -2*h**3 - 2*h**2 + 5*h + 10. Let p be b(-6). Let n = 1961 + -1825. What is the greatest common divisor of n and p?
68
Suppose -3*x + 2*n = 5, -n + 9 = -x + 6*x. Let b be (x + 3/5)/(28/490). Let w(k) = 4*k - 6. Let p be w(12). Calculate the greatest common factor of b and p.
14
Let u be (29/4)/(4/208). Let l be 2084/58 + 20/290 - 7. What is the greatest common divisor of l and u?
29
Let x = -59 + 95. Suppose -3*w + 1306 = -3*t + 124, -1574 = -4*w + 5*t. What is the highest common divisor of w and x?
36
Suppose -4*b = 2*a - 20754, -200*a - 41543 = -204*a - b. Calculate the greatest common factor of 26 and a.
13
Let p be (-6)/(-7) - (-813598)/2317. What is the highest common factor of 242 and p?
22
Let s(p) = -2*p**3 + 7*p**2 + 137*p + 20. Let j be s(10). Calculate the highest common factor of 14130 and j.
90
Suppose -12 = -5*z - 2*u + 8, 0 = 5*u. Let l = 0 + z. Suppose -3*a = 3*d - 558, 5*d + 5*a = l*d + 194. Calculate the highest common divisor of d and 23.
23
Suppose -10810 = 369*b - 212853 - 102751. What is the greatest common factor of b and 1534?
118
Suppose 4 = f + 2. Let i be 8/30*(-4350)/(-580). Calculate the highest common factor of i and f.
2
Let n = -31 + 17. Let z be 1095/21 - (-2)/n. Let k = -63 - -76. Calculate the highest common factor of k and z.
13
Let r(u) = -4*u**2 + 22*u + 9. Let j be r(2). Calculate the highest common divisor of 10841 and j.
37
Let n be (18/8)/((-3)/(-20)). Let g(k) = 5*k - n*k - 17*k - 22 + 6*k. Let m be g(-7). Calculate the greatest common divisor of 50 and m.
25
Suppose 50 + 288 = 14*p - p. What is the greatest common factor of 4667 and p?
13
Suppose u - 134 = 5*v - 2*v, -501 = -4*u + 5*v. Suppose -u = -2*w + 3*t + 202, 3*t + 168 = w. What is the greatest common factor of 18 and w?
9
Suppose -45982 = -55*u - 11882. Suppose -24*s + u = -19*s. Calculate the greatest common factor of 4 and s.
4
Let h(n) = -2*n**3 + 2*n**2 + n. Let z be h(-2). Let q(w) = -w**3 - 50*w**2 - 229*w - 59. Let a be q(-45). What is the highest common divisor of a and z?
11
Let n(v) = 81*v**2 - 33*v - 131. Let u be n(-5). What is the greatest common divisor of 116 and u?
29
Suppose 2*z - 45 = -617. Let o = 610 + z. What is the greatest common divisor of o and 27?
27
Let y = 143 - 147. Let t be y/30 + (-385)/(-75). What is the highest common factor of 5 and t?
5
Let b = 20 - 10. Let k = 17474 - 17449. Calculate the greatest common divisor of k and b.
5
Let j be (-38)/456 - 94/24 - -1860. What is the greatest common divisor of 522 and j?
58
Let b(q) = -2. Let d(h) = h**2 - 5*h. Let f(i) = -3*b(i) - d(i). Let m be f(5). What is the highest common divisor of 34 and m?
2
Let x = 3370 - -2250. What is the greatest common divisor of x and 60?
20
Suppose 296*q - 297*q = -66. Let h be 4/(-10) - (-208)/(-5). Let i = q + h. What is the highest common factor of i and 12?
12
Let y = 392 - 672. Let v be (-1)/4 + 0 - 32270/y. Let t = 124 + -78. What is the greatest common factor of t and v?
23
Let i = 2282 - -4400. Calculate the greatest common divisor of 52 and i.
26
Let c be ((-72)/32 + (495/36)/11)*-427. What is the highest common divisor of 1891 and c?
61
Let t = -1890 + 3024. What is the highest common divisor of t and 504?
126
Let v = 4819 - 3675. Calculate the greatest common divisor of 1001 and v.
143
Let m(d) = 242*d - 1677. Let h be m(7). Calculate the greatest common divisor of 493 and h.
17
Let f = 291 - 389. Let g = f + 161. Suppose 0 = -x - 3*d - d + 29, -2 = 2*x - 4*d. What is the greatest common factor of x and g?
9
Let p be ((-1120)/(-25))/(((-4)/(-40))/1). Suppose -2*j + 43 + 13 = 0. What is the highest common factor of j and p?
28
Suppose 5492 - 2125 = 7*w. What is the greatest common divisor of w and 26?
13
Let y = 44582 + -42977. Calculate the greatest common factor of y and 60.
15
Suppose v + 25858 = 4*o, 5*v - 6496 = 76*o - 77*o. Calculate the greatest common factor of o and 212.
106
Let l be (-432)/(-2)*(9 + 34/(-4)). Calculate the greatest common factor of l and 486.
54
Let s(u) = 3*u**2 + 31*u - 17. Let o be s(-17). Let b = 521 - o. What is the highest common divisor of b and 18?
18
Let m be (-25 - -1)*(138 - 134)*(-3)/4. Calculate the highest common factor of m and 5832.
72
Let d 